{"id":8,"date":"2026-04-22T09:48:41","date_gmt":"2026-04-22T12:48:41","guid":{"rendered":"http:\/\/localhost\/viejo3\/index.php\/acerca-de\/"},"modified":"2026-04-22T18:03:26","modified_gmt":"2026-04-22T21:03:26","slug":"acerca-de","status":"publish","type":"page","link":"https:\/\/www.viejotucuman.ar\/?page_id=8","title":{"rendered":"Acerca de"},"content":{"rendered":"\n<h2 class=\"wp-block-heading\">Acerca de ViejoTucuman.ar<\/h2>\n\n\n\n<p>ViejoTucuman.ar ofrece una manera alternativa de explorar fotograf\u00edas hist\u00f3ricas de Tucum\u00e1n, para reconstruir la historia de nuestra ciudad a trav\u00e9s de im\u00e1genes del pasado.<\/p>\n\n\n\n<h3 class=\"wp-block-heading\">\u00bfQui\u00e9n hizo este sitio web?<\/h3>\n\n\n\n<p>Me llamo <a href=\"https:\/\/www.ramirotorres.com.ar\" target=\"_blank\" rel=\"noreferrer noopener\">Ramiro Torres (@desdigital)<\/a>. Soy arquitecto y, por supuesto, tucumano.<\/p>\n\n\n\n<h3 class=\"wp-block-heading\">\u00bfC\u00f3mo surgi\u00f3 la idea?<\/h3>\n\n\n\n<p>A partir del surgimiento de grupos en redes sociales donde se comparten fotograf\u00edas antiguas de la ciudad y de la constante demanda de informaci\u00f3n del lugar donde fueron tomadas. Busco tomar toda la informaci\u00f3n compartida y organizarla visualmente en un plano.<\/p>\n\n\n\n<p>Un trabajo previo a este fue el realizado con el \u00e1lbum de fotograf\u00edas \u201cStreet View Hist\u00f3rico\u201d, donde con trabajo de fotomontaje ubiqu\u00e9 fotograf\u00edas hist\u00f3ricas tucumanas en tomas de Google Street View.<\/p>\n\n\n\n<p><a href=\"https:\/\/www.lagaceta.com.ar\/nota\/787890\/actualidad\/street-view-historico-cuenta-como-eran-sitios-tucuman-anos.html\" target=\"_blank\" rel=\"noreferrer noopener\">Nota del diario La Gaceta 10\/09\/18<\/a><\/p>\n\n\n\n<h3 class=\"wp-block-heading\">\u00bfTen\u00e9s fotograf\u00edas que podr\u00edan estar en ViejoTucuman.ar?<\/h3>\n\n\n\n<p>Env\u00edalas a <a href=\"mailto:viejotucuman@gmail.com\">viejotucuman@gmail.com<\/a> con los datos con que cuentes de la misma: una breve descripci\u00f3n, la fecha (o sin fecha) y el lugar donde fue tomada.<\/p>\n\n\n\n<h3 class=\"wp-block-heading\">\u00bfQu\u00e9 fotos estoy mapeando?<\/h3>\n\n\n\n<p>Las fotograf\u00edas las estoy organizando en puntos que ocupan los cruces de calles, puntos ubicados a mitad de las calles que sirven para fotograf\u00edas de toda la cuadra, plazas o parques, espacios urbanos mayores (aeropuertos, diques, etc.) y centros de manzana (galer\u00edas, mercados, etc.).<\/p>\n\n\n\n<p>Por ahora estoy poniendo en l\u00ednea fotograf\u00edas urbanas. Pueden aparecer algunas con actividades sociales, pero las subo ya que muestran de fondo un espacio urbano.<\/p>\n\n\n\n<p>Tambi\u00e9n he agregado una capa donde van a ir apareciendo las fotograf\u00edas \u201cdesde arriba\u201d. Estas son las que fueron tomadas desde lo alto de edificios o volando.<\/p>\n\n\n\n<p>Tienen prioridad las im\u00e1genes sin fotomanipulaci\u00f3n o no intervenidas con inteligencia artificial. Sin embargo, en primera instancia, las subo para luego ser reemplazadas por versiones sin modificaciones o coloraci\u00f3n. Busco siempre llegar a la versi\u00f3n \u201cm\u00e1s original\u201d y con menos recorte.<\/p>\n\n\n\n<p>Es probable que una misma foto aparezca en m\u00e1s de un punto de localizaci\u00f3n. Lo hago porque considero que ayuda a dar idea del espacio en cada uno de los lugares que aparece.<\/p>\n\n\n\n<h3 class=\"wp-block-heading\">\u00bfDe d\u00f3nde vienen las im\u00e1genes?<\/h3>\n\n\n\n<p>Este sitio web, ViejoTucuman.ar, es un proyecto sin fines de lucro que utiliza im\u00e1genes que se encuentran en fuentes p\u00fablicas, como motores de b\u00fasqueda en l\u00ednea. Entiendo que pueden surgir situaciones en las que un propietario de derechos de autor pueda considerar que su imagen ha sido utilizada en este sitio sin su permiso o sin la atribuci\u00f3n adecuada.<\/p>\n\n\n\n<p>Si sos el propietario de derechos de autor de una imagen que se encuentre en ViejoTucuman.ar y dese\u00e1s presentar una reclamaci\u00f3n o solicitar la eliminaci\u00f3n de la imagen, ponete en contacto conmigo a trav\u00e9s de <a href=\"mailto:viejotucuman@gmail.com\">viejotucuman@gmail.com<\/a> con la siguiente informaci\u00f3n: una descripci\u00f3n detallada de la imagen en cuesti\u00f3n, incluyendo su ubicaci\u00f3n en nuestro sitio web, pruebas de tu derecho de autor o propiedad de la imagen, como enlaces a la imagen original y cualquier informaci\u00f3n adicional relevante.<\/p>\n\n\n\n<p>Tu informaci\u00f3n de contacto, incluyendo nombre, direcci\u00f3n de correo electr\u00f3nico y n\u00famero de tel\u00e9fono. Una vez que reciba tu reclamo y verifique tu identidad como propietario de derechos de autor, tomar\u00e9 las medidas apropiadas, que pueden incluir la eliminaci\u00f3n de la imagen o la correcci\u00f3n de la atribuci\u00f3n, seg\u00fan corresponda. Entiendo la importancia de respetar los derechos de autor y estoy comprometido a abordar cualquier preocupaci\u00f3n de manera oportuna y justa.<\/p>\n\n\n\n<p>Este descargo de responsabilidad se aplica \u00fanicamente a las im\u00e1genes utilizadas en ViejoTucuman.ar y no afecta ning\u00fan otro contenido o aspecto del sitio web. \u00daltima actualizaci\u00f3n: abril de 2026. ViejoTucuman.ar.<\/p>\n","protected":false},"excerpt":{"rendered":"<p>Acerca de ViejoTucuman.ar ViejoTucuman.ar ofrece una manera alternativa de explorar fotograf\u00edas hist\u00f3ricas de Tucum\u00e1n, para reconstruir la historia de nuestra ciudad a trav\u00e9s de im\u00e1genes del pasado. \u00bfQui\u00e9n hizo este sitio web? Me llamo Ramiro Torres (@desdigital). Soy arquitecto y, por supuesto, tucumano. \u00bfC\u00f3mo surgi\u00f3 la idea? A partir del surgimiento de grupos en redes [&hellip;]<\/p>\n","protected":false},"author":1,"featured_media":0,"parent":0,"menu_order":0,"comment_status":"closed","ping_status":"closed","template":"","meta":{"footnotes":""},"class_list":["post-8","page","type-page","status-publish","hentry"],"yoast_head":"<!-- This site is optimized with the Yoast SEO plugin v27.4 - https:\/\/yoast.com\/product\/yoast-seo-wordpress\/ -->\n<title>Acerca de - Viejo Tucum\u00e1n<\/title>\n<meta name=\"robots\" content=\"index, follow, max-snippet:-1, max-image-preview:large, max-video-preview:-1\" \/>\n<link rel=\"canonical\" href=\"https:\/\/www.viejotucuman.ar\/?page_id=8\" \/>\n<meta property=\"og:locale\" content=\"es_ES\" \/>\n<meta property=\"og:type\" content=\"article\" \/>\n<meta property=\"og:title\" content=\"Acerca de - Viejo Tucum\u00e1n\" \/>\n<meta property=\"og:description\" content=\"Acerca de ViejoTucuman.ar ViejoTucuman.ar ofrece una manera alternativa de explorar fotograf\u00edas hist\u00f3ricas de Tucum\u00e1n, para reconstruir la historia de nuestra ciudad a trav\u00e9s de im\u00e1genes del pasado. \u00bfQui\u00e9n hizo este sitio web? Me llamo Ramiro Torres (@desdigital). Soy arquitecto y, por supuesto, tucumano. \u00bfC\u00f3mo surgi\u00f3 la idea? A partir del surgimiento de grupos en redes [&hellip;]\" \/>\n<meta property=\"og:url\" content=\"https:\/\/www.viejotucuman.ar\/?page_id=8\" \/>\n<meta property=\"og:site_name\" content=\"Viejo Tucum\u00e1n\" \/>\n<meta property=\"article:modified_time\" content=\"2026-04-22T21:03:26+00:00\" \/>\n<meta name=\"twitter:card\" content=\"summary_large_image\" \/>\n<meta name=\"twitter:label1\" content=\"Tiempo de lectura\" \/>\n\t<meta name=\"twitter:data1\" content=\"3 minutos\" \/>\n<script type=\"application\/ld+json\" class=\"yoast-schema-graph\">{\"@context\":\"https:\\\/\\\/schema.org\",\"@graph\":[{\"@type\":\"WebPage\",\"@id\":\"https:\\\/\\\/www.viejotucuman.ar\\\/?page_id=8\",\"url\":\"https:\\\/\\\/www.viejotucuman.ar\\\/?page_id=8\",\"name\":\"Acerca de - Viejo Tucum\u00e1n\",\"isPartOf\":{\"@id\":\"https:\\\/\\\/www.viejotucuman.ar\\\/#website\"},\"datePublished\":\"2026-04-22T12:48:41+00:00\",\"dateModified\":\"2026-04-22T21:03:26+00:00\",\"breadcrumb\":{\"@id\":\"https:\\\/\\\/www.viejotucuman.ar\\\/?page_id=8#breadcrumb\"},\"inLanguage\":\"es-AR\",\"potentialAction\":[{\"@type\":\"ReadAction\",\"target\":[\"https:\\\/\\\/www.viejotucuman.ar\\\/?page_id=8\"]}]},{\"@type\":\"BreadcrumbList\",\"@id\":\"https:\\\/\\\/www.viejotucuman.ar\\\/?page_id=8#breadcrumb\",\"itemListElement\":[{\"@type\":\"ListItem\",\"position\":1,\"name\":\"Inicio\",\"item\":\"https:\\\/\\\/www.viejotucuman.ar\\\/\"},{\"@type\":\"ListItem\",\"position\":2,\"name\":\"Acerca de\"}]},{\"@type\":\"WebSite\",\"@id\":\"https:\\\/\\\/www.viejotucuman.ar\\\/#website\",\"url\":\"https:\\\/\\\/www.viejotucuman.ar\\\/\",\"name\":\"Viejo Tucum\u00e1n\",\"description\":\"Mapeo de fotograf\u00edas hist\u00f3ricas de Tucum\u00e1n, Argentina\",\"publisher\":{\"@id\":\"https:\\\/\\\/www.viejotucuman.ar\\\/#organization\"},\"potentialAction\":[{\"@type\":\"SearchAction\",\"target\":{\"@type\":\"EntryPoint\",\"urlTemplate\":\"https:\\\/\\\/www.viejotucuman.ar\\\/?s={search_term_string}\"},\"query-input\":{\"@type\":\"PropertyValueSpecification\",\"valueRequired\":true,\"valueName\":\"search_term_string\"}}],\"inLanguage\":\"es-AR\"},{\"@type\":\"Organization\",\"@id\":\"https:\\\/\\\/www.viejotucuman.ar\\\/#organization\",\"name\":\"Viejo Tucum\u00e1n\",\"url\":\"https:\\\/\\\/www.viejotucuman.ar\\\/\",\"logo\":{\"@type\":\"ImageObject\",\"inLanguage\":\"es-AR\",\"@id\":\"https:\\\/\\\/www.viejotucuman.ar\\\/#\\\/schema\\\/logo\\\/image\\\/\",\"url\":\"https:\\\/\\\/www.viejotucuman.ar\\\/wp-content\\\/uploads\\\/2026\\\/04\\\/imagen-redes.png\",\"contentUrl\":\"https:\\\/\\\/www.viejotucuman.ar\\\/wp-content\\\/uploads\\\/2026\\\/04\\\/imagen-redes.png\",\"width\":1200,\"height\":630,\"caption\":\"Viejo Tucum\u00e1n\"},\"image\":{\"@id\":\"https:\\\/\\\/www.viejotucuman.ar\\\/#\\\/schema\\\/logo\\\/image\\\/\"},\"sameAs\":[\"https:\\\/\\\/www.instagram.com\\\/tucumanantesyahora\"]}]}<\/script>\n<!-- \/ Yoast SEO plugin. -->","yoast_head_json":{"title":"Acerca de - Viejo Tucum\u00e1n","robots":{"index":"index","follow":"follow","max-snippet":"max-snippet:-1","max-image-preview":"max-image-preview:large","max-video-preview":"max-video-preview:-1"},"canonical":"https:\/\/www.viejotucuman.ar\/?page_id=8","og_locale":"es_ES","og_type":"article","og_title":"Acerca de - Viejo Tucum\u00e1n","og_description":"Acerca de ViejoTucuman.ar ViejoTucuman.ar ofrece una manera alternativa de explorar fotograf\u00edas hist\u00f3ricas de Tucum\u00e1n, para reconstruir la historia de nuestra ciudad a trav\u00e9s de im\u00e1genes del pasado. \u00bfQui\u00e9n hizo este sitio web? Me llamo Ramiro Torres (@desdigital). Soy arquitecto y, por supuesto, tucumano. \u00bfC\u00f3mo surgi\u00f3 la idea? A partir del surgimiento de grupos en redes [&hellip;]","og_url":"https:\/\/www.viejotucuman.ar\/?page_id=8","og_site_name":"Viejo Tucum\u00e1n","article_modified_time":"2026-04-22T21:03:26+00:00","twitter_card":"summary_large_image","twitter_misc":{"Tiempo de lectura":"3 minutos"},"schema":{"@context":"https:\/\/schema.org","@graph":[{"@type":"WebPage","@id":"https:\/\/www.viejotucuman.ar\/?page_id=8","url":"https:\/\/www.viejotucuman.ar\/?page_id=8","name":"Acerca de - Viejo Tucum\u00e1n","isPartOf":{"@id":"https:\/\/www.viejotucuman.ar\/#website"},"datePublished":"2026-04-22T12:48:41+00:00","dateModified":"2026-04-22T21:03:26+00:00","breadcrumb":{"@id":"https:\/\/www.viejotucuman.ar\/?page_id=8#breadcrumb"},"inLanguage":"es-AR","potentialAction":[{"@type":"ReadAction","target":["https:\/\/www.viejotucuman.ar\/?page_id=8"]}]},{"@type":"BreadcrumbList","@id":"https:\/\/www.viejotucuman.ar\/?page_id=8#breadcrumb","itemListElement":[{"@type":"ListItem","position":1,"name":"Inicio","item":"https:\/\/www.viejotucuman.ar\/"},{"@type":"ListItem","position":2,"name":"Acerca de"}]},{"@type":"WebSite","@id":"https:\/\/www.viejotucuman.ar\/#website","url":"https:\/\/www.viejotucuman.ar\/","name":"Viejo Tucum\u00e1n","description":"Mapeo de fotograf\u00edas hist\u00f3ricas de Tucum\u00e1n, Argentina","publisher":{"@id":"https:\/\/www.viejotucuman.ar\/#organization"},"potentialAction":[{"@type":"SearchAction","target":{"@type":"EntryPoint","urlTemplate":"https:\/\/www.viejotucuman.ar\/?s={search_term_string}"},"query-input":{"@type":"PropertyValueSpecification","valueRequired":true,"valueName":"search_term_string"}}],"inLanguage":"es-AR"},{"@type":"Organization","@id":"https:\/\/www.viejotucuman.ar\/#organization","name":"Viejo Tucum\u00e1n","url":"https:\/\/www.viejotucuman.ar\/","logo":{"@type":"ImageObject","inLanguage":"es-AR","@id":"https:\/\/www.viejotucuman.ar\/#\/schema\/logo\/image\/","url":"https:\/\/www.viejotucuman.ar\/wp-content\/uploads\/2026\/04\/imagen-redes.png","contentUrl":"https:\/\/www.viejotucuman.ar\/wp-content\/uploads\/2026\/04\/imagen-redes.png","width":1200,"height":630,"caption":"Viejo Tucum\u00e1n"},"image":{"@id":"https:\/\/www.viejotucuman.ar\/#\/schema\/logo\/image\/"},"sameAs":["https:\/\/www.instagram.com\/tucumanantesyahora"]}]}},"_links":{"self":[{"href":"https:\/\/www.viejotucuman.ar\/index.php?rest_route=\/wp\/v2\/pages\/8","targetHints":{"allow":["GET"]}}],"collection":[{"href":"https:\/\/www.viejotucuman.ar\/index.php?rest_route=\/wp\/v2\/pages"}],"about":[{"href":"https:\/\/www.viejotucuman.ar\/index.php?rest_route=\/wp\/v2\/types\/page"}],"author":[{"embeddable":true,"href":"https:\/\/www.viejotucuman.ar\/index.php?rest_route=\/wp\/v2\/users\/1"}],"replies":[{"embeddable":true,"href":"https:\/\/www.viejotucuman.ar\/index.php?rest_route=%2Fwp%2Fv2%2Fcomments&post=8"}],"version-history":[{"count":2,"href":"https:\/\/www.viejotucuman.ar\/index.php?rest_route=\/wp\/v2\/pages\/8\/revisions"}],"predecessor-version":[{"id":37870,"href":"https:\/\/www.viejotucuman.ar\/index.php?rest_route=\/wp\/v2\/pages\/8\/revisions\/37870"}],"wp:attachment":[{"href":"https:\/\/www.viejotucuman.ar\/index.php?rest_route=%2Fwp%2Fv2%2Fmedia&parent=8"}],"curies":[{"name":"wp","href":"https:\/\/api.w.org\/{rel}","templated":true}]}}

<h2 class="wp-block-heading">Acerca de ViejoTucuman.ar</h2>



<p>ViejoTucuman.ar ofrece una manera alternativa de explorar fotografías históricas de Tucumán, para reconstruir la historia de nuestra ciudad a través de imágenes del pasado.</p>



<h3 class="wp-block-heading">¿Quién hizo este sitio web?</h3>



<p>Me llamo <a href="https://www.ramirotorres.com.ar" target="_blank" rel="noreferrer noopener">Ramiro Torres (@desdigital)</a>. Soy arquitecto y, por supuesto, tucumano.</p>



<h3 class="wp-block-heading">¿Cómo surgió la idea?</h3>



<p>A partir del surgimiento de grupos en redes sociales donde se comparten fotografías antiguas de la ciudad y de la constante demanda de información del lugar donde fueron tomadas. Busco tomar toda la información compartida y organizarla visualmente en un plano.</p>



<p>Un trabajo previo a este fue el realizado con el álbum de fotografías “Street View Histórico”, donde con trabajo de fotomontaje ubiqué fotografías históricas tucumanas en tomas de Google Street View.</p>



<p><a href="https://www.lagaceta.com.ar/nota/787890/actualidad/street-view-historico-cuenta-como-eran-sitios-tucuman-anos.html" target="_blank" rel="noreferrer noopener">Nota del diario La Gaceta 10/09/18</a></p>



<h3 class="wp-block-heading">¿Tenés fotografías que podrían estar en ViejoTucuman.ar?</h3>



<p>Envíalas a <a href="mailto:viejotucuman@gmail.com">viejotucuman@gmail.com</a> con los datos con que cuentes de la misma: una breve descripción, la fecha (o sin fecha) y el lugar donde fue tomada.</p>



<h3 class="wp-block-heading">¿Qué fotos estoy mapeando?</h3>



<p>Las fotografías las estoy organizando en puntos que ocupan los cruces de calles, puntos ubicados a mitad de las calles que sirven para fotografías de toda la cuadra, plazas o parques, espacios urbanos mayores (aeropuertos, diques, etc.) y centros de manzana (galerías, mercados, etc.).</p>



<p>Por ahora estoy poniendo en línea fotografías urbanas. Pueden aparecer algunas con actividades sociales, pero las subo ya que muestran de fondo un espacio urbano.</p>



<p>También he agregado una capa donde van a ir apareciendo las fotografías “desde arriba”. Estas son las que fueron tomadas desde lo alto de edificios o volando.</p>



<p>Tienen prioridad las imágenes sin fotomanipulación o no intervenidas con inteligencia artificial. Sin embargo, en primera instancia, las subo para luego ser reemplazadas por versiones sin modificaciones o coloración. Busco siempre llegar a la versión “más original” y con menos recorte.</p>



<p>Es probable que una misma foto aparezca en más de un punto de localización. Lo hago porque considero que ayuda a dar idea del espacio en cada uno de los lugares que aparece.</p>



<h3 class="wp-block-heading">¿De dónde vienen las imágenes?</h3>



<p>Este sitio web, ViejoTucuman.ar, es un proyecto sin fines de lucro que utiliza imágenes que se encuentran en fuentes públicas, como motores de búsqueda en línea. Entiendo que pueden surgir situaciones en las que un propietario de derechos de autor pueda considerar que su imagen ha sido utilizada en este sitio sin su permiso o sin la atribución adecuada.</p>



<p>Si sos el propietario de derechos de autor de una imagen que se encuentre en ViejoTucuman.ar y deseás presentar una reclamación o solicitar la eliminación de la imagen, ponete en contacto conmigo a través de <a href="mailto:viejotucuman@gmail.com">viejotucuman@gmail.com</a> con la siguiente información: una descripción detallada de la imagen en cuestión, incluyendo su ubicación en nuestro sitio web, pruebas de tu derecho de autor o propiedad de la imagen, como enlaces a la imagen original y cualquier información adicional relevante.</p>



<p>Tu información de contacto, incluyendo nombre, dirección de correo electrónico y número de teléfono. Una vez que reciba tu reclamo y verifique tu identidad como propietario de derechos de autor, tomaré las medidas apropiadas, que pueden incluir la eliminación de la imagen o la corrección de la atribución, según corresponda. Entiendo la importancia de respetar los derechos de autor y estoy comprometido a abordar cualquier preocupación de manera oportuna y justa.</p>



<p>Este descargo de responsabilidad se aplica únicamente a las imágenes utilizadas en ViejoTucuman.ar y no afecta ningún otro contenido o aspecto del sitio web. Última actualización: abril de 2026. ViejoTucuman.ar.</p>

<p>Acerca de ViejoTucuman.ar ViejoTucuman.ar ofrece una manera alternativa de explorar fotografías históricas de Tucumán, para reconstruir la historia de nuestra ciudad a través de imágenes del pasado. ¿Quién hizo este sitio web? Me llamo Ramiro Torres (@desdigital). Soy arquitecto y, por supuesto, tucumano. ¿Cómo surgió la idea? A partir del surgimiento de grupos en redes [&hellip;]</p>

<!-- This site is optimized with the Yoast SEO plugin v27.4 - https://yoast.com/product/yoast-seo-wordpress/ -->
<title>Acerca de - Viejo Tucumán</title>
<meta name="robots" content="index, follow, max-snippet:-1, max-image-preview:large, max-video-preview:-1" />
<link rel="canonical" href="https://www.viejotucuman.ar/?page_id=8" />
<meta property="og:locale" content="es_ES" />
<meta property="og:type" content="article" />
<meta property="og:title" content="Acerca de - Viejo Tucumán" />
<meta property="og:description" content="Acerca de ViejoTucuman.ar ViejoTucuman.ar ofrece una manera alternativa de explorar fotografías históricas de Tucumán, para reconstruir la historia de nuestra ciudad a través de imágenes del pasado. ¿Quién hizo este sitio web? Me llamo Ramiro Torres (@desdigital). Soy arquitecto y, por supuesto, tucumano. ¿Cómo surgió la idea? A partir del surgimiento de grupos en redes [&hellip;]" />
<meta property="og:url" content="https://www.viejotucuman.ar/?page_id=8" />
<meta property="og:site_name" content="Viejo Tucumán" />
<meta property="article:modified_time" content="2026-04-22T21:03:26+00:00" />
<meta name="twitter:card" content="summary_large_image" />
<meta name="twitter:label1" content="Tiempo de lectura" />
	<meta name="twitter:data1" content="3 minutos" />
<script type="application/ld+json" class="yoast-schema-graph">{"@context":"https:\/\/schema.org","@graph":[{"@type":"WebPage","@id":"https:\/\/www.viejotucuman.ar\/?page_id=8","url":"https:\/\/www.viejotucuman.ar\/?page_id=8","name":"Acerca de - Viejo Tucumán","isPartOf":{"@id":"https:\/\/www.viejotucuman.ar\/#website"},"datePublished":"2026-04-22T12:48:41+00:00","dateModified":"2026-04-22T21:03:26+00:00","breadcrumb":{"@id":"https:\/\/www.viejotucuman.ar\/?page_id=8#breadcrumb"},"inLanguage":"es-AR","potentialAction":[{"@type":"ReadAction","target":["https:\/\/www.viejotucuman.ar\/?page_id=8"]}]},{"@type":"BreadcrumbList","@id":"https:\/\/www.viejotucuman.ar\/?page_id=8#breadcrumb","itemListElement":[{"@type":"ListItem","position":1,"name":"Inicio","item":"https:\/\/www.viejotucuman.ar\/"},{"@type":"ListItem","position":2,"name":"Acerca de"}]},{"@type":"WebSite","@id":"https:\/\/www.viejotucuman.ar\/#website","url":"https:\/\/www.viejotucuman.ar\/","name":"Viejo Tucumán","description":"Mapeo de fotografías históricas de Tucumán, Argentina","publisher":{"@id":"https:\/\/www.viejotucuman.ar\/#organization"},"potentialAction":[{"@type":"SearchAction","target":{"@type":"EntryPoint","urlTemplate":"https:\/\/www.viejotucuman.ar\/?s={search_term_string}"},"query-input":{"@type":"PropertyValueSpecification","valueRequired":true,"valueName":"search_term_string"}}],"inLanguage":"es-AR"},{"@type":"Organization","@id":"https:\/\/www.viejotucuman.ar\/#organization","name":"Viejo Tucumán","url":"https:\/\/www.viejotucuman.ar\/","logo":{"@type":"ImageObject","inLanguage":"es-AR","@id":"https:\/\/www.viejotucuman.ar\/#\/schema\/logo\/image\/","url":"https:\/\/www.viejotucuman.ar\/wp-content\/uploads\/2026\/04\/imagen-redes.png","contentUrl":"https:\/\/www.viejotucuman.ar\/wp-content\/uploads\/2026\/04\/imagen-redes.png","width":1200,"height":630,"caption":"Viejo Tucumán"},"image":{"@id":"https:\/\/www.viejotucuman.ar\/#\/schema\/logo\/image\/"},"sameAs":["https:\/\/www.instagram.com\/tucumanantesyahora"]}]}</script>
<!-- / Yoast SEO plugin. -->

Acerca de - Viejo Tucumán

Acerca de ViejoTucuman.ar ViejoTucuman.ar ofrece una manera alternativa de explorar fotografías históricas de Tucumán, para reconstruir la historia de nuestra ciudad a través de imágenes del pasado. ¿Quién hizo este sitio web? Me llamo Ramiro Torres (@desdigital). Soy arquitecto y, por supuesto, tucumano. ¿Cómo surgió la idea? A partir del surgimiento de grupos en redes [&hellip;]

Viejo Tucumán

Mapeo de fotografías históricas de Tucumán, Argentina
